or of 27 and 6?
3
What is the highest common divisor of 243 and 27?
27
Calculate the greatest common divisor of 15 and 405.
15
What is the greatest common factor of 64 and 32?
32
What is the highest common factor of 95 and 38?
19
Calculate the highest common divisor of 145 and 2755.
145
What is the greatest common factor of 192 and 60?
12
What is the greatest common divisor of 25262 and 34?
34
Calculate the highest common divisor of 10625 and 68.
17
Calculate the highest common factor of 77 and 33.
11
Calculate the highest common divisor of 2033 and 209.
19
What is the highest common factor of 1914 and 66?
66
Calculate the highest common factor of 116 and 29.
29
What is the greatest common divisor of 3528 and 1152?
72
What is the greatest common divisor of 40 and 1460?
20
What is the greatest common factor of 836 and 22?
22
What is the highest common divisor of 4 and 172?
4
What is the highest common divisor of 2363 and 278?
139
Calculate the greatest common divisor of 238 and 154.
14
What is the greatest common factor of 34 and 391?
17
What is the highest common divisor of 29685 and 15?
15
What is the greatest common divisor of 218 and 2?
2
Calculate the greatest common divisor of 1264 and 16.
16
Calculate the highest common divisor of 52 and 195.
13
What is the highest common factor of 3 and 4002?
3
Calculate the highest common divisor of 31 and 1.
1
Calculate the highest common factor of 940 and 752.
188
Calculate the highest common divisor of 70 and 1030.
10
What is the highest common divisor of 99 and 55?
11
What is the highest common factor of 517 and 143?
11
What is the greatest common divisor of 2397 and 141?
141
Calculate the greatest common factor of 260 and 44.
4
Calculate the highest common factor of 2548 and 28.
28
What is the highest common factor of 26 and 143?
13
What is the highest common divisor of 192 and 1296?
48
Calculate the greatest common factor of 470 and 799.
47
Calculate the greatest common factor of 247 and 39.
13
What is the greatest common factor of 88 and 48?
8
What is the greatest common factor of 42 and 9142?
14
Calculate the greatest common divisor of 84 and 4452.
84
Calculate the greatest common divisor of 126 and 26922.
42
What is the greatest common divisor of 52 and 1300?
52
What is the greatest common factor of 108 and 60?
12
Calculate the highest common factor of 239 and 5975.
239
Calculate the greatest common divisor of 5515 and 5.
5
What is the highest common factor of 3 and 3?
3
What is the greatest common divisor of 80 and 30?
10
Calculate the highest common factor of 2 and 2962.
2
Calculate the greatest common factor of 873 and 4656.
291
Calculate the highest common divisor of 42 and 3458.
14
What is the highest common divisor of 14 and 56?
14
What is the greatest common divisor of 30 and 24?
6
Calculate the highest common factor of 105 and 315.
105
What is the greatest common factor of 11 and 2651?
11
What is the highest common divisor of 72 and 12?
12
Calculate the greatest common factor of 65 and 2015.
65
Calculate the highest common factor of 196 and 3283.
49
Calculate the highest common factor of 48 and 1200.
48
What is the highest common factor of 300 and 180?
60
What is the greatest common factor of 219 and 292?
73
What is the greatest common factor of 1639 and 596?
149
What is the greatest common divisor of 3624 and 18?
6
Calculate the highest common divisor of 456 and 76.
76
Calculate the highest common divisor of 8 and 28.
4
What is the greatest common divisor of 336 and 42?
42
Calculate the highest common divisor of 152 and 24.
8
Calculate the greatest common factor of 364 and 140.
28
Calculate the highest common divisor of 4149 and 18.
9
Calculate the highest common divisor of 189 and 432.
27
What is the highest common factor of 690 and 10?
10
What is the greatest common divisor of 111 and 2553?
111
Calculate the highest common divisor of 2605 and 20.
5
What is the greatest common factor of 35 and 63?
7
What is the greatest common divisor of 444 and 36?
12
What is the greatest common factor of 21 and 350?
7
What is the greatest common divisor of 11 and 55?
11
What is the greatest common divisor of 574 and 7?
7
What is the greatest common divisor of 25 and 2?
1
What is the greatest common factor of 621 and 1296?
27
What is the highest common factor of 975 and 480?
15
What is the greatest common factor of 3289 and 46?
23
Calculate the highest common divisor of 231 and 12.
3
Calculate the highest common factor of 2388 and 48.
12
Calculate the highest common factor of 393 and 262.
131
What is the highest common factor of 460 and 1?
1
What is the highest common factor of 60 and 280?
20
Calculate the greatest common factor of 459 and 85.
17
What is the greatest common factor of 8 and 6?
2
What is the highest common divisor of 2431 and 13?
13
Calculate the greatest common divisor of 302 and 1.
1
Calculate the greatest common divisor of 484 and 121.
121
What is the highest common divisor of 650 and 1110?
10
Calculate the greatest common divisor of 4191 and 33.
33
Calculate the highest common divisor of 3 and 21.
3
Calculate the greatest common divisor of 3 and 174.
3
What is the highest common factor of 160 and 10?
10
What is the highest common divisor of 42 and 6237?
21
Calculate the greatest common divisor of 14 and 112.
14
What is the highest common divisor of 230 and 3266?
46
What is the greatest common factor of 24 and 24?
24
Calculate the greatest common factor of 7385 and 35.
35
Calculate the highest common divisor of 1044 and 10324.
116
What is the highest common divisor of 165 and 132?
33
What is the highest common divisor of 36 and 108?
36
What is the highest common factor of 792 and 54?
18
What is the highest common factor of 240 and 2460?
60
Calculate the highest common divisor of 735 and 15.
15
Calculate the greatest common factor of 144 and 64.
16
What is the highest common divisor of 36 and 17298?
18
What is the greatest common factor of 2332 and 6148?
212
What is the highest common divisor of 2560 and 80?
80
What is the greatest common factor of 594 and 66?
66
Calculate the highest common factor of 3 and 1263.
3
Calculate the highest common factor of 13 and 598.
13
What is the highest common divisor of 147 and 5880?
147
What is the highest common divisor of 1088 and 323?
17
Calculate the greatest common divisor of 671 and 11.
11
What is the greatest common factor of 2061 and 45?
9
Calculate the greatest common factor of 1398 and 12.
6
Calculate the greatest common divisor of 11613 and 158.
79
Calculate the highest common divisor of 14 and 7.
7
What is the highest common factor of 92 and 3979?
23
Calculate the greatest common divisor of 174 and 18.
6
Calculate the highest common factor of 212 and 76.
4
What is the greatest common factor of 374 and 33?
11
What is the highest common factor of 5445 and 55?
55
What is the greatest common factor of 308 and 3234?
154
Calculate the greatest common divisor of 184 and 276.
92
Calculate the greatest common divisor of 2277 and 396.
99
What is the highest common factor of 114 and 1938?
114
Calculate the highest common factor of 102 and 6.
6
Calculate the greatest common factor of 20 and 2330.
10
Calculate the greatest common factor of 45 and 1980.
45
Calculate the highest common divisor of 96 and 84.
12
Calculate the highest common divisor of 949 and 1495.
13
Calculate the greatest common divisor of 1848 and 7623.
231
Calculate the highest common factor of 50 and 650.
50
Calculate the highest common divisor of 31 and 11377.
31
What is the highest common factor of 28 and 140?
28
What is the highest common divisor of 30950 and 50?
50
Calculate the highest common factor of 72 and 24.
24
What is the highest common factor of 3920 and 32?
16
Calculate the highest common factor of 217 and 1674.
31
Calculate the greatest common divisor of 1026 and 608.
38
Calculate the highest common divisor of 130 and 40.
10
Calculate the highest common divisor of 166 and 17015.
83
Calculate the greatest common factor of 90 and 126.
18
Calculate the greatest common factor of 3 and 5223.
3
Calculate the greatest common factor of 1074 and 6.
6
What is the highest common divisor of 80 and 64?
16
Calculate the greatest common divisor of 4277 and 91.
91
What is the 